st common factor of 262384 and 184?
184
Calculate the greatest common divisor of 128 and 124449664.
128
Calculate the greatest common factor of 6018 and 1326153.
51
What is the highest common divisor of 12371 and 13764892?
139
Calculate the highest common divisor of 578976528 and 32.
16
What is the greatest common divisor of 75266632 and 1648?
824
Calculate the greatest common divisor of 685206 and 1215.
27
Calculate the highest common divisor of 78518 and 1345762.
1826
Calculate the highest common divisor of 41 and 47671889.
41
What is the greatest common factor of 45084 and 1404?
156
What is the highest common factor of 48 and 109796712?
24
What is the greatest common divisor of 285460 and 40?
20
What is the highest common divisor of 132 and 148208313?
33
Calculate the greatest common divisor of 80206128 and 6.
6
Calculate the highest common factor of 281758 and 238.
34
What is the highest common divisor of 80 and 30230?
10
Calculate the greatest common divisor of 19504660 and 35.
35
What is the greatest common divisor of 17582375 and 1375?
125
Calculate the highest common factor of 24 and 128291392.
8
Calculate the highest common factor of 12943106 and 374.
22
Calculate the greatest common factor of 9842 and 1697227.
259
What is the highest common factor of 43 and 1953103?
43
Calculate the highest common divisor of 616979469 and 573.
573
Calculate the highest common factor of 38 and 112062190.
38
Calculate the highest common factor of 1935311 and 2324.
581
What is the highest common factor of 121317 and 2165394?
2289
Calculate the highest common factor of 22750 and 2840682.
26
What is the highest common factor of 322287 and 22557?
309
Calculate the greatest common divisor of 183993728 and 512.
128
Calculate the greatest common factor of 1923952 and 10944.
16
What is the highest common factor of 13100 and 872?
4
What is the greatest common divisor of 6837 and 4074336?
129
Calculate the highest common divisor of 10222 and 1256748901.
5111
What is the highest common divisor of 36 and 218663325?
9
What is the greatest common factor of 75166431 and 37917?
1149
Calculate the highest common factor of 565845939 and 28593.
9531
What is the highest common factor of 112433642 and 4612?
2306
What is the highest common divisor of 496 and 290408?
248
What is the greatest common divisor of 84630 and 623805?
1365
Calculate the highest common factor of 16492 and 7201.
19
What is the greatest common factor of 861 and 5684469?
21
What is the highest common factor of 128686 and 752?
94
What is the highest common factor of 1242837 and 99?
9
Calculate the greatest common factor of 3 and 86598753.
3
Calculate the highest common factor of 5 and 12201154.
1
Calculate the greatest common divisor of 10319 and 974842.
607
What is the greatest common divisor of 17268192 and 21216?
1632
Calculate the greatest common factor of 13212 and 3028.
4
Calculate the highest common divisor of 2086860 and 10.
10
Calculate the greatest common factor of 31833 and 19449.
9
What is the greatest common factor of 29410314 and 114?
6
What is the greatest common divisor of 951 and 6936277?
317
Calculate the highest common divisor of 384224 and 302336.
32
What is the highest common divisor of 518 and 27903106?
518
Calculate the greatest common factor of 202927758 and 222.
222
Calculate the greatest common factor of 125732 and 406436.
2924
What is the highest common divisor of 492 and 23505464?
164
Calculate the highest common factor of 200 and 75530300.
100
Calculate the greatest common factor of 4540 and 23615.
5
Calculate the highest common factor of 591255000 and 504.
504
Calculate the greatest common factor of 45582541 and 633.
211
What is the highest common divisor of 69489 and 1806?
21
What is the greatest common factor of 5 and 839399?
1
Calculate the greatest common factor of 437678171 and 3073.
3073
What is the highest common divisor of 7565670 and 3780?
1890
Calculate the greatest common factor of 151 and 51680958.
151
Calculate the highest common divisor of 28352 and 46460068.
1772
Calculate the greatest common divisor of 33828 and 439500.
12
What is the highest common divisor of 2052603 and 100905?
651
What is the highest common factor of 3730446 and 51?
51
Calculate the greatest common factor of 280 and 178852380.
140
Calculate the highest common factor of 22272 and 2302368.
2784
What is the highest common divisor of 545379040 and 1830?
610
Calculate the highest common factor of 58971564 and 567.
81
Calculate the greatest common divisor of 442 and 568591673.
221
Calculate the highest common factor of 19772664 and 192.
24
What is the greatest common factor of 41118 and 11946?
66
What is the highest common factor of 71344 and 3292744?
728
What is the greatest common factor of 19309049 and 956?
239
What is the highest common divisor of 590436 and 777?
21
Calculate the highest common divisor of 82012 and 11783367.
2929
Calculate the greatest common factor of 22065295 and 70.
35
Calculate the greatest common divisor of 42878182 and 5452.
58
Calculate the highest common divisor of 203090014 and 6.
2
What is the highest common divisor of 1987781 and 303?
101
Calculate the greatest common factor of 38159 and 176759.
11
Calculate the greatest common factor of 25279472 and 72.
8
Calculate the highest common factor of 2714 and 2333396.
46
Calculate the greatest common factor of 753 and 90584394.
753
Calculate the highest common divisor of 1700480 and 10112.
128
Calculate the greatest common divisor of 291972 and 580.
116
What is the highest common divisor of 1524 and 10573258?
254
What is the greatest common factor of 391346352 and 1008?
144
What is the highest common factor of 20034 and 11214588?
2226
Calculate the highest common factor of 16523584 and 182336.
4928
Calculate the greatest common factor of 6847296 and 24168.
456
Calculate the greatest common factor of 12616 and 16462303.
1577
Calculate the highest common factor of 59306328 and 1593.
531
What is the greatest common factor of 4645 and 38134521?
929
Calculate the greatest common factor of 491401 and 1548509.
701
What is the highest common factor of 8512366 and 172?
86
What is the greatest common factor of 45 and 53011575?
45
Calculate the greatest common divisor of 8937159 and 1078.
539
Calculate the greatest common divisor of 3750750 and 6250.
250
Calculate the highest common divisor of 29084 and 21397892.
2644
What is the greatest common divisor of 10913165 and 1645?
235
Calculate the greatest common divisor of 762129 and 266265.
873
What is the highest common divisor of 35 and 235729592?
7
Calculate the highest common divisor of 132237894 and 12.
6
Calculate the highest common factor of 1795527 and 1026.
27
What is the highest common divisor of 46378275 and 45?
15
Calculate the greatest common factor of 40 and 310925.
5
Calculate the greatest common divisor of 122007335 and 12395.
335
What is the highest common factor of 1504 and 65333384?
376
What is the greatest common factor of 696 and 606951672?
696
What is the greatest common factor of 11396 and 1663046?
154
What is the highest common divisor of 20 and 373314?
2
Calculate the greatest common divisor of 1616 and 4457534.
202
What is the highest common factor of 7940 and 8004314?
794
Calculate the greatest common divisor of 3620 and 6994745.
905
Calculate the highest common factor of 17179634 and 77584.
746
Calculate the greatest common divisor of 279 and 24877089.
9
Calculate the greatest common factor of 548568 and 21.
3
What is the greatest common divisor of 126347 and 58508380?
9719
Calculate the highest common factor of 40640 and 5072.
16
Calculate the greatest common factor of 66 and 3799191.
33
What is the highest common factor of 663 and 1776041?
17
What is the greatest common divisor of 1896942192 and 48?
48
Calculate the highest common divisor of 307108 and 15072.
4
What is the greatest common divisor of 7438487 and 3052?
763
Calculate the greatest common factor of 416404 and 9671.
19
Calculate the greatest common factor of 17680 and 1378130.
130
What is the highest common divisor of 2667 and 150221442?
2667
Calculate the highest common factor of 302154336 and 1143.
1143
What is the greatest common factor of 817 and 31952999?
43
What is the greatest comm